379*x + 302. What is a(49)?
-41
Let l(w) = -11*w**2 + 229*w - 420. What is l(6)?
558
Let u(l) = -10026*l + 20048. Determine u(2).
-4
Let i(z) = z**3 - 1342*z - 15299. Calculate i(-13).
-50
Let z(y) = 11*y**2 - 3734*y + 63651. Give z(18).
3
Let t(z) = -z**2 - 9710*z + 3344315. What is t(333)?
-4
Let u(n) = 21*n**3 - 81*n + 82. Determine u(1).
22
Let g(x) = 38458*x - 423538. Give g(11).
-500
Let w(s) = -s**2 + 67686*s + 270764. Determine w(-4).
4
Let p(s) = 28358*s - 5643248. Determine p(199).
-6
Let l(y) = -10*y**3 - 2*y**2 - 52*y - 170. What is l(-4)?
646
Let b(q) = -28*q**2 + 16155*q + 147669. Calculate b(-9).
6
Let f(r) = 113*r + 909. What is f(-7)?
118
Let i(l) = -3*l**3 - 8*l**2 - 2418*l - 7281. What is i(-3)?
-18
Let k(o) = -o**2 + o + 30985. Determine k(-179).
-1235
Let u(i) = i**3 + 1051*i**2 + 238316*i - 2863. Give u(-720).
17
Let j(h) = 6462*h + 226168. Determine j(-35).
-2
Let s(a) = 311*a**2 + 143682*a - 15. Calculate s(-462).
-15
Let x(k) = -84*k**2 + 13587*k - 10148. Determine x(161).
-5
Let s(b) = 973*b + 12120. Determine s(-10).
2390
Let p(d) = 29*d**2 + 3008*d - 6908. Give p(-106).
88
Let t(a) = -46*a**3 + 140*a**2 + 59*a - 217. Determine t(4).
-685
Let q(r) = -r**3 + 20*r**2 - 32*r + 788. Give q(18).
860
Let f(i) = 59*i**3 + 1125*i**2 + 75*i - 20. What is f(-19)?
-1
Let p(d) = -d**3 + 3*d**2 - 20*d - 158. Give p(-7).
472
Let h(d) = d**2 - 1308*d - 47023. Give h(-35).
-18
Let w(u) = -236967*u + 78673041. Give w(332).
-3
Let x(o) = 35*o**2 + 1299*o + 152. Give x(-37).
4
Let l(c) = 8*c**3 + 122*c**2 - 15*c - 786. What is l(-15)?
-111
Let f(a) = -a**2 - 349*a + 21294. Give f(53).
-12
Let o(g) = -117833*g + 7541317. What is o(64)?
5
Let i(c) = c**3 + 40*c**2 - 38*c + 186. What is i(-41)?
63
Let v(l) = -423110*l + 11000849. Calculate v(26).
-11
Let z(i) = 3*i**3 + 31*i**2 + 545*i + 3313. Determine z(-7).
-12
Let k(g) = 6*g**2 - 3195*g - 624265. Calculate k(-152).
-1
Let f(w) = -5*w + 766. Give f(157).
-19
Let b(a) = 136*a**2 - 3248*a - 29. Give b(24).
355
Let u(f) = -4*f**3 - 524*f**2 - 1040*f + 1. Determine u(-2).
17
Let x(l) = -4*l**3 + 6*l**2 - 18*l - 187. What is x(-4)?
237
Let y(v) = -1692*v + 1115023. What is y(659)?
-5
Let j(x) = 14940*x + 149408. Give j(-10).
8
Let j(i) = i**3 - 54*i**2 - 402*i + 1145. What is j(61)?
2670
Let v(c) = 18519*c - 3777819. Calculate v(204).
57
Let u(l) = 171*l - 40374. Calculate u(236).
-18
Let c(k) = 5*k**3 - 14*k**2 + 41*k + 111. What is c(7)?
1427
Let h(k) = 62*k**2 - 806*k + 1731. Determine h(9).
-501
Let f(c) = -20*c**3 - 1522*c**2 - 153*c - 95. Give f(-76).
-19
Let p(b) = 6*b - 1358. Give p(224).
-14
Let d(v) = 25*v + 93. Calculate d(38).
1043
Let n(f) = -f**2 + 62*f + 60. Calculate n(11).
621
Let q(v) = -2*v**3 - 361*v**2 + 149*v - 5824. What is q(-181)?
-32
Let f(i) = -250*i - 33524. Calculate f(-134).
-24
Let a(i) = 13*i**2 + 343*i + 296. Give a(-25).
-154
Let a(r) = -4086*r - 8514. Calculate a(-2).
-342
Let n(j) = -21*j**2 + 3105*j + 3698. Calculate n(149).
122
Let l(s) = -s**3 - 54*s**2 - 154*s - 5271. What is l(-53)?
82
Let b(i) = -986*i**2 + 5911*i + 25. Calculate b(6).
-5
Let c(o) = 281*o**2 + 9831*o - 73. What is c(-35)?
67
Let o(r) = -20*r + 7665. Determine o(383).
5
Let k(r) = 69528*r + 695392. Determine k(-10).
112
Let y(z) = -2*z**3 - 531*z**2 - 24652*z + 451. Calculate y(-60).
-29
Let x(i) = -2*i**3 - 266*i**2 - 1345*i + 7. Calculate x(-5).
332
Let z(h) = 48*h - 5971. Give z(124).
-19
Let y(f) = 2*f**3 + 13*f**2 - 35*f + 45. Determine y(4).
241
Let y(q) = 216948*q - 433879. Give y(2).
17
Let w(c) = -c**3 - 22*c**2 - 279*c - 5936. What is w(-22)?
202
Let b(w) = -24*w + 699. Give b(19).
243
Let v(p) = 13*p**2 + 1410*p + 12776. Calculate v(-10).
-24
Let b(q) = q**3 + 43*q**2 + 4446*q + 21275. Determine b(-5).
-5
Let t(f) = -9*f**2 + 815*f + 4398. Give t(96).
-306
Let m(f) = 2*f**3 + 5*f**2 - 647*f - 3235. Give m(19).
-5
Let g(v) = -7*v - 893. Give g(6).
-935
Let h(t) = -42*t**3 + 6382*t**2 + 312*t - 1206. Calculate h(152).
10
Let l(z) = 73*z - 15713. Calculate l(223).
566
Let z(v) = 8*v**3 + 4*v**2 - 99*v + 353. What is z(4)?
533
Let j(w) = -26784*w + 3776535. Calculate j(141).
-9
Let z(u) = -249*u - 1787. Give z(-7).
-44
Let u(i) = -312*i - 23333. Determine u(-75).
67
Let b(j) = 2*j**3 + 97*j**2 + 731*j - 273. Calculate b(-39).
117
Let k(v) = 3794*v**2 - 121409*v + 38. Give k(32).
6
Let m(b) = 247912*b + 1487483. Determine m(-6).
11
Let d(w) = -74*w**2 + 267*w + 613. What is d(5)?
98
Let q(d) = -3*d**3 + 1939*d**2 - 195491*d - 1132. Give q(125).
-7
Let t(q) = 3*q**3 - 395*q**2 - 1189*q - 8. Calculate t(-3).
-77
Let s(p) = -49561*p - 2478050. Determine s(-50).
0
Let q(t) = t**3 + 16*t**2 - 33*t - 882. Give q(-14).
-28
Let x(q) = q**3 + 52*q**2 + 628*q + 57. Determine x(-19).
38
Let w(z) = -1802*z - 64867. Determine w(-36).
5
Let d(u) = 1419*u + 35464. Give d(-25).
-11
Let q(w) = 132729*w + 2123505. Give q(-16).
-159
Let s(k) = 14*k**3 + k**2 + 90957*k + 90957. Determine s(-1).
-13
Let a(d) = -620*d**2 + 1251*d + 1. Determine a(2).
23
Let w(m) = 222*m - 45301. Give w(205).
209
Let x(b) = -b**3 - 48*b**2 + 21*b + 373. Give x(-49).
1745
Let t(o) = o**2 + 1340*o + 162668. Determine t(-135).
-7
Let y(p) = -5*p**2 + 12346*p + 5381202. Calculate y(-378).
-6
Let v(r) = r**2 - 82133*r + 1395991. What is v(17)?
19
Let v(s) = s**2 + 152*s - 1607. Calculate v(9).
-158
Let i(h) = -2*h**2 + 7984*h + 885593. Give i(-108).
-7
Let u(n) = 386*n + 13062. What is u(-34)?
-62
Let k(s) = -35623*s + 1068693. Calculate k(30).
3
Let o(v) = -419*v**2 + 7138*v - 200. Calculate o(17).
55
Let m(v) = -v**3 - 44*v**2 - 112*v + 757. What is m(-37)?
-4682
Let q(x) = -x**3 - 26*x**2 - 48*x - 1937. Calculate q(-27).
88
Let v(t) = -762423*t - 2287275. Give v(-3).
-6
Let b(j) = -j**3 + 73*j**2 - 178*j + 209. Give b(71).
-2347
Let m(f) = -f**3 + 41*f**2 - 11*f + 342. What is m(40)?
1502
Let y(w) = -2*w**2 - 12*w + 5834. What is y(-53)?
852
Let w(j) = 13*j**2 - 2585*j - 146458. What is w(-46)?
-40
Let y(r) = -5*r**3 + 209*r**2 + 282*r - 1219. What is y(43)?
-187
Let j(y) = 3*y**2 - 1725*y + 8443. What is j(570)?
-107
Let p(o) = -742*o + 140236. What is p(189)?
-2
Let n(g) = -1668*g - 21951. What is n(-13)?
-267
Let t(h) = -h**2 + 2123*h - 139774. What is t(68)?
-34
Let u(z) = 105*z**2 - 18*z - 11. What is u(-2)?
445
Let t(q) = -46*q**2 + 365*q - 1. What is t(-3)?
-1510
Let y(d) = 5130*d - 20631. What is y(4)?
-111
Let j(q) = -27420*q + 109685. What is j(4)?
5
Let a(o) = 5953*o - 4345687. What is a(730)?
3
Let a(c) = -215*c + 10362. Calculate a(48).
42
Let l(t) = t**2 + 2359*t + 1182828. What is l(-723)?
0
Let c(q) = 2635*q + 90002. Give c(-34).
412
Let x(w) = 106*w**2 + 3676*w + 20475. Determine x(-7).
-63
Let a(z) = 9823*z + 9985. Calculate a(-1).
162
Let r(j) = 15657*j - 94166. Calculate r(6).
-224
Let i(b) = 3*b**3 + 75*b**2 - 109*b - 830. Calculate i(-25).
1895
Let z(u) = 2*u**3 + 106*u**2 - 29*u - 1750. Determine z(-53).
-213
Let l(g) = -g**2 - 157*g - 1193. Calculate l(-148).
139
Let h(q) = q**3 + 27*q**2 + 171*q + 142. Determine h(-18).
-20
Let s(f) = -f**3 + 60*f**2 - 363*f - 484. Give s(53).
-60
Let h(s) = -435440*s - 1741766. What is h(-4)?
-6
Let v(r) = -2*r**3 - 183*r**2 + 1299*r + 2453. Calculate v(-98).
3
Let t(c) = 15*c**2 - 2265*c - 14131. Calculate t(157).
-1
Let p(v) = -62430*v - 62445. What is p(-1)?
-15
Let y(g) = g**3 - 135*g**2 + 3696*g - 289. Calculate y(38).
91
Let q(h) = -h**3 - 45*h**2 + 837*h - 151. Determine q(14).
3
Let u(b) = 1145*b + 172716. Calculate u(-151).
-179
Let u(a) = 190*a - 788. Give u(9).
922
Let i(t) = 6*t**3 + 4*t**2 + 222*t - 1148. Calculate i(5).
812
Let x(k) = -59377*k + 10272229. Determine x(173).
8
Let w(x) = x**3 + x**2 - 4*x + 2. What is w(1)?
0
Let l(h) = 54*h**2 + 715*h + 1. Give l(-14).
575
Let x(h) = 51*h - 1304. Give x(25).
-29
Let q(d) = d**2 - 185*d + 8433. Give q(88).
-103
Let o(y) = -9146*y + 54921. Give o(6).
45
Let l(t) = 751*t**2 - 38297*t - 110. What is l(51)?
94
Let v(g) = g**3 - 9*g**2 + 149*g + 84. Calculate v(0).
84
Let w(s) = -s**2 + 945*s - 54775. What is w(62)?
-29
Let c(t) = 27*t**3 + 20*t**2 + 63*t - 151. Calculate c(-4).
-1811
Let y(v) = 3902792*v + 3902800. Give y(-1).
8
Let x(a) = -847814*a - 4239082. Calculate x(-5).
-12
Let o(y) = 1225*